e the prime factors of 1246979?
89, 14011
List the prime factors of 382601.
382601
What are the prime factors of 4107002?
2, 19, 108079
List the prime factors of 72319.
13, 5563
List the prime factors of 2193570.
2, 3, 5, 24373
What are the prime factors of 18980257?
18980257
List the prime factors of 355673.
179, 1987
What are the prime factors of 11466446?
2, 5733223
What are the prime factors of 11074147?
7, 193, 1171
List the prime factors of 298262.
2, 19, 47, 167
What are the prime factors of 1114160?
2, 5, 19, 733
What are the prime factors of 425090?
2, 5, 42509
List the prime factors of 58094.
2, 31, 937
What are the prime factors of 280130?
2, 5, 109, 257
What are the prime factors of 419185?
5, 13, 6449
What are the prime factors of 21804081?
3, 13, 17, 32887
List the prime factors of 4227835.
5, 845567
List the prime factors of 105896.
2, 7, 31, 61
List the prime factors of 5247967.
5247967
List the prime factors of 82410.
2, 3, 5, 41, 67
What are the prime factors of 471388?
2, 191, 617
List the prime factors of 266168.
2, 7, 97
List the prime factors of 980612.
2, 67, 3659
List the prime factors of 706555.
5, 141311
List the prime factors of 16845245.
5, 31, 191, 569
List the prime factors of 1306105.
5, 97, 2693
What are the prime factors of 304044?
2, 3, 13, 1949
What are the prime factors of 36023?
13, 17, 163
What are the prime factors of 4716851?
4716851
What are the prime factors of 96430?
2, 5, 9643
List the prime factors of 31636364.
2, 7909091
List the prime factors of 2633038.
2, 1316519
List the prime factors of 211885.
5, 31, 1367
What are the prime factors of 4131622?
2, 11, 67, 2803
List the prime factors of 19262718.
2, 3, 31, 37, 311
What are the prime factors of 1006174?
2, 13, 38699
List the prime factors of 131848.
2, 16481
What are the prime factors of 867283?
127, 6829
What are the prime factors of 448110?
2, 3, 5, 13, 383
List the prime factors of 134098.
2, 67049
List the prime factors of 11638.
2, 11, 23
List the prime factors of 54201.
3, 7, 29, 89
List the prime factors of 181874.
2, 7, 11, 1181
What are the prime factors of 2261889?
3, 7, 23, 223
List the prime factors of 2370668.
2, 19, 31193
What are the prime factors of 65923?
11, 13, 461
What are the prime factors of 985589?
11, 89599
List the prime factors of 67299.
3, 22433
List the prime factors of 156617.
19, 8243
List the prime factors of 283512.
2, 3, 11813
What are the prime factors of 62676?
2, 3, 1741
List the prime factors of 364437.
3, 40493
List the prime factors of 4349247.
3, 7, 71, 2917
List the prime factors of 247830.
2, 3, 5, 11, 751
What are the prime factors of 26851167?
3, 7, 60887
What are the prime factors of 965319?
3, 233, 1381
List the prime factors of 207531.
3, 23059
List the prime factors of 18486.
2, 3, 13, 79
What are the prime factors of 203969?
203969
List the prime factors of 5200997.
17, 197, 1553
What are the prime factors of 4336568?
2, 542071
What are the prime factors of 827311?
827311
What are the prime factors of 7622592?
2, 3, 29, 37
What are the prime factors of 1101009?
3, 7, 13, 37, 109
What are the prime factors of 606925?
5, 11, 2207
List the prime factors of 2383179.
3, 17, 83, 563
What are the prime factors of 177196?
2, 31, 1429
List the prime factors of 20670853.
7, 659, 4481
List the prime factors of 9353737.
9353737
List the prime factors of 1609673.
13, 123821
What are the prime factors of 3585283?
13, 17, 16223
List the prime factors of 28977625.
5, 231821
What are the prime factors of 7203305?
5, 71, 103, 197
What are the prime factors of 892162?
2, 446081
What are the prime factors of 3168538?
2, 1584269
What are the prime factors of 1810770?
2, 3, 5, 13, 4643
List the prime factors of 102239.
19, 5381
List the prime factors of 375272.
2, 61, 769
List the prime factors of 73742.
2, 36871
List the prime factors of 42449949.
3, 4716661
What are the prime factors of 726216?
2, 3, 30259
List the prime factors of 220723.
19, 11617
List the prime factors of 48704.
2, 761
List the prime factors of 28976914.
2, 41, 313, 1129
List the prime factors of 402287.
19, 31, 683
What are the prime factors of 5597598?
2, 3, 107, 8719
What are the prime factors of 16656?
2, 3, 347
What are the prime factors of 786356?
2, 73, 2693
List the prime factors of 5002822.
2, 11, 23, 9887
List the prime factors of 667980.
2, 3, 5, 1237
List the prime factors of 951905.
5, 61, 3121
What are the prime factors of 209608?
2, 7, 19, 197
What are the prime factors of 1295863?
353, 3671
List the prime factors of 189376.
2, 11, 269
What are the prime factors of 926741?
926741
List the prime factors of 566037.
3, 109, 577
List the prime factors of 6073646.
2, 3036823
List the prime factors of 196974.
2, 3, 31, 353
List the prime factors of 6191794.
2, 7, 442271
What are the prime factors of 1354351?
313, 4327
List the prime factors of 4241704.
2, 17, 31189
List the prime factors of 244232.
2, 30529
List the prime factors of 8343542.
2, 4171771
List the prime factors of 13576522.
2, 971, 6991
What are the prime factors of 667023?
3, 7, 23, 1381
List the prime factors of 4890249.
3, 7, 13, 853
What are the prime factors of 539713?
539713
What are the prime factors of 173801?
151, 1151
What are the prime factors of 134877?
3, 44959
List the prime factors of 2054079.
3, 79, 107
What are the prime factors of 5665356?
2, 3, 52457
List the prime factors of 398562.
2, 3, 181, 367
List the prime factors of 21165.
3, 5, 17, 83
List the prime factors of 1635911.
71, 23041
What are the prime factors of 85268?
2, 21317
List the prime factors of 42854.
2, 7, 3061
List the prime factors of 2312187.
3, 17, 45337
What are the prime factors of 4195555?
5, 7, 13, 9221
List the prime factors of 871693.
73, 11941
What are the prime factors of 4360469?
29, 53, 2837
List the prime factors of 1416025.
5, 13, 4357
What are the prime factors of 6407645?
5, 43, 29803
List the prime factors of 8369393.
1823, 4591
List the prime factors of 101959.
11, 13, 23, 31
What are the prime factors of 1571668?
2, 7, 56131
List the prime factors of 22442921.
293, 76597
What are the prime factors of 559969?
59, 9491
What are the prime factors of 40031?
40031
List the prime factors of 524100.
2, 3, 5, 1747
List the prime factors of 948493.
7, 13, 1489
List the prime factors of 3568071.
3, 13, 191, 479
List the prime factors of 1265398.
2, 632699
List the prime factors of 1809026.
2, 904513
List the prime factors of 3473355.
3, 5, 17, 53, 257
List the prime factors of 637044.
2, 3, 53087
List the prime factors of 30233591.
30233591
List the prime factors of 720031.
13, 97, 571
What are the prime factors of 529726?
2, 173, 1531
List the prime factors of 30281.
107, 283
List the prime factors of 247792.
2, 17, 911
What are the prime factors of 411851?
11, 37441
What are the prime factors of 2228186?
2, 29, 41, 937
List the prime factors of 122354.
2, 131, 467
What are the prime factors of 3267110?
2, 5, 7, 11, 4243
What are the prime factors of 3964333?
3964333
List the prime factors of 804759.
3, 268253
What are the prime factors of 247853?
247853
What are the prime factors of 2990950?
2, 5, 41, 1459
What are the prime factors of 1913894?
2, 17, 181, 311
List the prime factors of 5066271.
3, 7, 29, 47, 59
List the prime factors of 3418596.
2, 3, 94961
List the prime factors of 2943258.
2, 3, 490543
List the prime factors of 4808870.
2, 5, 11, 43717
List the prime factors of 10549641.
3, 31, 113437
What are the prime factors of 17058338?
2, 11, 70489
What are the prime factors of 1618145?
5, 17, 19037
What are the prime factors of 101038?
2, 7, 1031
What are the prime factors of 14300899?
14300899
List the prime factors of 1100478.
2, 3, 17, 10789
List the prime factors of 447767.
349, 1283
What are the prime factors of 2180370?
2, 3, 5, 72679
List the prime factors of 71536.
2, 17, 263
What are the prime factors of 258812?
2, 89, 727
What are the prime factors of 11638846?
2, 17, 342319
What are the prime factors of 163377?
3, 2017
List the prime factors of 7004812.
2, 127, 13789
List the prime factors of 1042472.
2, 311, 419
What are the prime factors of 110392?
2, 13799
What are the prime factors of 5357259?
3, 19, 59
List the prime factors of 11605316.
2, 613, 4733